).
9
Let b(y) = -3 + 1 + y**3 - 2. Give b(0).
-4
Let m(t) = t**3 - t**2 - t. Let k be (30/(-18) + 1)/(1/3). Determine m(k).
-10
Let w(s) be the third derivative of s**4/24 + 7*s**3/6 - 2*s**2. Let o(p) = -2*p**2 + 7*p + 10. Let j be o(10). Let v be 2/7 + j/28. What is w(v)?
3
Let i(f) = f**3 + 4*f**2 + 4*f + 3. Let a(n) = n**3 - 11*n**2 - 11. Let c be a(11). Let p = 8 + c. What is i(p)?
0
Let t(j) = -6*j**2 - j + 1. Let v = -14 + 18. Suppose 4 + 0 = v*z. Determine t(z).
-6
Suppose -3*y = -4*b + 3, -b - 2*y - 1 = 1. Let h(k) = 5*k**2 + 4*k + 4. Let p(m) = 6*m**2 + 5*m + 5. Let t(d) = 5*h(d) - 4*p(d). What is t(b)?
0
Let d(l) = -l**2 + 7*l - 3. Let p be (-2 - 6)/(-2 - 0). Suppose -u - p = -3*u. Suppose -u*z - 4 = 0, 0*n - z = 2*n - 8. Determine d(n).
7
Let w(z) be the first derivative of -3*z**2/2 - 5*z - 10. Determine w(4).
-17
Let v(l) = 3*l + 2. Suppose -4*i - 21 + 1 = 0. Determine v(i).
-13
Let j(c) = c**3 + 11*c**2 - 11*c + 5. Let q be j(-12). Let u(o) = 39*o**2 - 3. Let f(h) = -26*h**2 + 2. Let i(v) = q*f(v) - 5*u(v). What is i(-1)?
-12
Let v(p) = p**2 - 4*p + 6. Let x = -10 - -14. Give v(x).
6
Suppose -5*r - g - 3 = -14, 0 = 4*r + 3*g. Let o(y) = 3 + y**2 - 3*y - y**r + 0*y + 3*y**2. Let z(k) = -k**3 + 2*k**2 + 4*k. Let j be z(3). Determine o(j).
3
Let h(l) = 8*l - 1. Let b(m) = 7*m - 1. Let c = 49 - 25. Suppose u + 3*u = c. Let g(v) = u*h(v) - 7*b(v). Calculate g(-2).
3
Let b(s) = s**3 - 2*s**2 - 3*s - 3. Let h(q) = q - 4. Let l be h(6). Let f(i) = 2 + 0*i**2 + 1 - 3*i - i**l. Let c be f(-3). Calculate b(c).
-3
Let c be ((-6)/10)/(1/(-15)). Let m(i) = i**2 - 9*i + 6. Calculate m(c).
6
Let s(t) = 13*t - 25. Let d(a) = 3*a - 6. Suppose u = -2*u + 27. Let h(l) = u*d(l) - 2*s(l). Determine h(5).
1
Let r(y) = -y**2 + 5*y + 1. Let s(z) = z**2 + 15*z - 13. Let g be s(-16). Determine r(g).
7
Suppose -2*c - c - 6 = 3*s, 0 = -3*c - 2*s - 9. Let q(y) = -6*y - 3 + 2*y + 2*y. Give q(c).
7
Let u(v) = 3*v**2 - v. Let y(z) = z + 2. Let k be y(-8). Let o be (-11)/k + (-4)/(-24). Determine u(o).
10
Let i(d) = d**3 + d**2 - 1. Let x(t) = t**3 + 4*t**2 - 4*t + 4. Let p be -4 + -1 + -1 + 1. Let n be x(p). Give i(n).
-1
Let o = 30 - 23. Let q(z) = -6*z**3 + 3*z**2 - 7*z - 11. Let d(w) = 7*w**3 - 2*w**2 + 7*w + 12. Let i(y) = 5*d(y) + 6*q(y). Determine i(o).
-6
Suppose -6*t + t = 0. Let h(j) = j**2 + 5*j + 1. Let w(v) = -2*v**2 - 9*v - 2. Let z(c) = -11*h(c) - 6*w(c). Calculate z(t).
1
Let s(v) be the second derivative of -v**2 + 0 - 1/12*v**4 + 2/3*v**3 + 3*v. What is s(2)?
2
Let r(y) = 2*y - 1 + 6*y**2 + y**3 + 8 + 2. Determine r(-6).
-3
Let a(j) = 2 + 3 - j**2 - 4. Let s be a(-1). Let y(q) = q**3 - q**2 - 5. Determine y(s).
-5
Suppose 2*i - 8 = 6*i. Let p(b) = -23*b**2 - 23*b - 20. Let o(x) = 8*x**2 + 8*x + 7. Let z(q) = -17*o(q) - 6*p(q). Calculate z(i).
5
Let c(b) = -b - 3. Let s(x) = x + 3. Let m(y) = 3*c(y) + 4*s(y). Give m(-8).
-5
Suppose 2*z + 5*n + 8 = -19, -4*z - n = 27. Let t(a) = -2*a + 1. Calculate t(z).
13
Let u(w) = -w**3 - w**2 + w + 2. Suppose -5*o = -0*o. Suppose o = -3*s - 0*s. Determine u(s).
2
Let w(c) = -2*c**3 - 4*c**2 - 4*c - 2. Let j(y) = -y**2 - y. Let z be 2 + 1*(-2 - -1). Let d = z + 0. Let o be j(d). What is w(o)?
6
Suppose -25 = -3*y - 2*y, -y + 11 = 3*r. Let n(q) = 3*q - q**2 + 2*q - q + 0*q - r. Give n(2).
2
Let h be -2*1/((-4)/(-4)). Let c = 5 - h. Let m(p) = -p**3 + 8*p**2 - 8*p + 10. Determine m(c).
3
Let z(v) = -v**3 - 18 - 28 - 8*v**2 + 55. Determine z(-8).
9
Let f(p) be the second derivative of p**4/12 + 2*p**3/3 - 5*p**2/2 - 11*p. What is f(-6)?
7
Let k(f) = -7*f**3 + 13*f**2 - 11*f + 1. Let p(d) = -3*d**3 + 6*d**2 - 5*d + 1. Let o(c) = 2*k(c) - 5*p(c). Calculate o(3).
-3
Let d(m) = m**3 - m**2 + 2 - 1 + 4 - m. Let v be d(0). Suppose v*s - s + 20 = 0. Let z(j) = -j - 3. Calculate z(s).
2
Let z(b) = 2*b**2 + 5*b + 4. Let n be z(-3). Suppose 3*a - n = 2*w - 0, 4 = -2*w + 2*a. Suppose 4*i + w = 5*i. Let r(l) = -4*l. What is r(i)?
-4
Suppose 12 = 4*u + 36. Let v(g) = g + 6. Let a be v(u). Let i(p) = -1 + 0*p**2 - p**2 - p + a*p + 5*p**3. What is i(-1)?
-6
Let k(b) be the first derivative of b**4/4 + b**3 - 3*b**2/2 + b + 1. Suppose 4*p + 3*w + 4 = 0, -2*w - 2*w + 16 = 0. Determine k(p).
-3
Let x = -3 + 7. Let t(o) = -6*o + 8. Let q(g) = 3*g - 4. Let f(i) = 5*q(i) + 3*t(i). What is f(x)?
-8
Let k(b) be the first derivative of 3*b**4/4 - b**2/2 - b + 16. Give k(-1).
-3
Suppose 0*p = p. Let g = -6 - -10. Let t(d) = g + 0 - d + p*d. Calculate t(4).
0
Let l(k) = -k**2 + 2*k + 25. Let v be l(6). Let t be (2/4)/(1/12). Let u(p) = -p**2 + 1. Let f(q) = 3*q**2 + q - 7. Let y(o) = t*u(o) + f(o). Calculate y(v).
-3
Let b(i) be the first derivative of i**5/60 - i**4/6 + i**3/6 + i**2 - 1. Let g(a) be the second derivative of b(a). Let q be 4/10 - (-115)/25. Determine g(q).
6
Let s(v) = -4*v**2 - 1. Suppose 0*z = -4*z + 16. Suppose 4*b + 3*u - 16 = 0, -u - 12 = -z*u. Give s(b).
-5
Let j be (-34)/(-8) - ((-26)/(-8) - 3). Let l(o) = -o**3 + 5*o**2 - 4*o. Determine l(j).
0
Let j(c) = -14*c. Let k(z) = -z. Let w(h) = 5*j(h) - 80*k(h). Calculate w(1).
10
Let c = 1 + -3. Let k = -5 + 8. Let v(w) = -w**k + 3 - 1 + w**2 + 0*w**2 + 2*w - 3*w**2. Give v(c).
-2
Let u(o) = o + 3. Let s(k) = -k - 7. Let b(r) = -2*s(r) - 5*u(r). Let p(h) = -2*h**2 + 4*h + 5. Let i be p(3). Determine b(i).
2
Let f be (-4)/2 + 8 + 0. Let o(s) = s**3 - 9*s**2 + 8*s + 5. Let q(c) = -c**3 + 10*c**2 - 9*c - 6. Let x(y) = 3*o(y) + 2*q(y). Give x(f).
3
Suppose 0 = 3*w + 1 - 13. Let z = -9 + w. Let s(u) = -u**2 - 4*u - 2. What is s(z)?
-7
Let c(f) = -f**3 + 7*f**2 + 20*f - 11. Let k be c(9). Let z(i) = i**2 - 7*i + 8. Give z(k).
8
Let s(y) be the first derivative of y**3/3 - 3*y**2 + 2*y + 1. Suppose 5*r = 16 + 4. Determine s(r).
-6
Let r = 5 - -1. Let m be ((-4)/r)/(12/(-18)). Let b(j) be the second derivative of 7*j**4/12 - j. What is b(m)?
7
Let q(i) = 2*i**2. Let g = -80 + 82. Determine q(g).
8
Let p(b) = -b**3 - 2*b**2 + 2*b - 4*b**3 + 0*b**3 + 6*b**3 + 2. Calculate p(3).
17
Let i(u) = -4 - 2*u + u - 4. Determine i(0).
-8
Let q(i) = i**3 + 4*i**2 - 4*i + 5. Suppose 3*y = 5*b - 3*b - 1, 2*b = 4*y. Suppose b*c = c - 5. Give q(c).
0
Let o(u) be the first derivative of u**3/3 + 4*u**2 + 6*u + 37. Determine o(-5).
-9
Let r(f) be the third derivative of -f**6/120 - f**5/10 + f**4/24 + 19*f**2. Give r(-6).
-6
Let c(u) = u**3 - 5*u**2 + 11*u. Let f(m) = -2*m**3 + 10*m**2 - 21*m. Let t(p) = -11*c(p) - 6*f(p). Let j = 10 - 6. Calculate t(j).
4
Let t(p) = 3*p - 4. Let m be t(4). Let w = -3 + m. Let o(g) = -g**2 + 6*g - 2. Determine o(w).
3
Let t(k) = -k. Let m(y) = y - 2. Let p(s) = -m(s) - 2*t(s). Suppose -5*x = -0*x + 15. Let g = x - -6. Give p(g).
5
Let r = -138 - -136. Let i(l) be the second derivative of l**4/12 + l**3/3 + l**2/2 - l. Give i(r).
1
Let h(w) = -w**2 - 3*w - 1. Let r(t) = 6*t**2 + 14*t + 4. Let v(p) = 11*h(p) + 2*r(p). Let y(c) = -c**3 + 16*c**2 - 15*c + 6. Let d be y(15). Calculate v(d).
3
Let p(s) = -3*s - 3. Let a be p(-5). Suppose 6*w + a = 2*w. Let r(m) = -7*m + 4. Let k(l) = 16*l - 8. Let d(v) = 4*k(v) + 9*r(v). Determine d(w).
1
Let s(w) = w**2 + w - 1. Let y be s(2). Let r(f) = 2*f - 4. Let z be r(y). Let a(j) = -j**3 + 5*j**2 + 7*j - 4. Calculate a(z).
2
Suppose -3*j + d + 12 = 0, -4*d - 8 = -2*j + d. Let g(l) = 5*l - 3*l + j*l - 2 + 0. Let n(o) = o + 4. Let k be n(-2). Give g(k).
10
Let c(d) be the third derivative of 1/8*d**4 - 1/60*d**5 + d**2 + 0*d + 1/6*d**3 + 0. Suppose -3 = -3*z + 4*x - 13, -5*x = -5*z - 15. Determine c(z).
-9
Let a(k) = -8*k**2 - 6*k - 11. Let v(h) = 7*h**2 + 5*h + 11. Let f(c) = 6*a(c) + 7*v(c). What is f(0)?
11
Let c(m) = 2*m + 1. Let n(t) = t**2 - 5*t + 10. Let v(h) = 3*c(h) - n(h). What is v(8)?
17
Suppose 6*c - 3*c = -9. Let g(w) = 9 + w**2 + 7 + 6*w - 18. What is g(c)?
-11
Let j(b) = b**2 - b - 1. Let p be 3/(-5) + 39/15. Let a be (p - 2)/(-1) + 1. Let l(z) = z**3 + 9*z**2 - 2*z - 8. Let g(n) = a*l(n) - 4*j(n). Calculate g(-4).
4
Let g(k) be the first derivative of k**3/3 - 5*k**2/2 + k - 31. Calculate g(6).
7
Let a(w) be the first derivative of 2*w**2 + 2 + 1/4*w**4 + 5/3*w**3 - w. Calculate a(-4).
-1
Suppose 18 = 5*a - 2. Let p(j) = j**2 + 2*j + 1. What is p(a)?
25
Suppose -59 = -5*f - 19. Suppose 0*g - 2*g = -y - 8, 